{"id":950,"date":"2013-04-22T23:40:41","date_gmt":"2013-04-22T21:40:41","guid":{"rendered":"http:\/\/vdgg.art.pl\/portal\/?page_id=950"},"modified":"2017-01-10T21:17:46","modified_gmt":"2017-01-10T20:17:46","slug":"11-ophelia","status":"publish","type":"page","link":"https:\/\/vdgg.art.pl\/portal\/teksty\/przeklady\/przeklady-ph-solo\/11-ophelia\/","title":{"rendered":"12. Ophelia"},"content":{"rendered":"<p>Peter Hammill &#8211; <a href=\"http:\/\/vdgg.art.pl\/portal\/plyty-studyjne-ph\/10-sitting-targets-1981\/\" title=\"10. Sitting Targets (1981)\">Sitting Targets<\/a><\/p>\n<p><strong>Ophelia (t\u0142um. LukaszS)<\/strong><\/p>\n<p>Ten wci\u0105gaj\u0105cy narkotyk twego papierosa<br \/>\nTa dobrze znana twarz w dymie<br \/>\nTo musi by\u0107 kto\u015b kogo nie zapomnisz<br \/>\nKto\u015b kogo uczy\u0142e\u015b si\u0119 podziwia\u0107<br \/>\nI dziwne, dok\u0105d zmierzaj\u0105 uczucia<br \/>\nWszystko si\u0119 zmienia<br \/>\nOfelia tonie w rzece<\/p>\n<p>St\u0105pasz po wodzie<br \/>\nCena jest wysoka<br \/>\nM\u00f3wisz \u017ce sobie z tym wszystkim poradzisz<br \/>\nZ\u0142o\u017cy\u0142e\u015b obietnice kt\u00f3rych nie mo\u017cesz dotrzyma\u0107<br \/>\nPostawi\u0142e\u015b si\u0119 pod \u015bcian\u0105<br \/>\nPostawi\u0142e\u015b si\u0119 pod \u015bcian\u0105<br \/>\nI dziwne&#8230;.<\/p>\n<p>Us\u0142ysza\u0142e\u015b ha\u0142as<br \/>\nPatrzysz kto nadchodzi<br \/>\nTo tylko obcy<br \/>\nNadszed\u0142 zbyt p\u00f3\u017ano<br \/>\nNie by\u0142 przygotowany<br \/>\nBy zobaczy\u0107 pusty kredens<br \/>\nI dziwne&#8230;<\/p>\n<p><a href=\"http:\/\/vdgg.art.pl\/portal\/teksty\/teksty-oryginalne\/teksty-ph-solo\/10-sitting-targets\/#3\"><img decoding=\"async\" src=\"http:\/\/vdgg.art.pl\/portal\/wp-content\/uploads\/2013\/04\/Flag_of_the_United_Kingdom.svg_.png\" alt=\"Tekst oryginalny\" width=\"64\" height=\"32\" class=\"alignnone size-full wp-image-659\" \/><\/a><\/p>\n","protected":false},"excerpt":{"rendered":"<p>Peter Hammill &#8211; Sitting Targets Ophelia (t\u0142um. LukaszS) Ten wci\u0105gaj\u0105cy narkotyk twego papierosa Ta dobrze znana twarz w dymie To musi by\u0107 kto\u015b kogo nie zapomnisz Kto\u015b kogo uczy\u0142e\u015b si\u0119 podziwia\u0107 I dziwne, dok\u0105d zmierzaj\u0105 uczucia Wszystko si\u0119 zmienia Ofelia &hellip; <a href=\"https:\/\/vdgg.art.pl\/portal\/teksty\/przeklady\/przeklady-ph-solo\/11-ophelia\/\">Czytaj dalej <span class=\"meta-nav\">&rarr;<\/span><\/a><\/p>\n","protected":false},"author":1,"featured_media":658,"parent":525,"menu_order":12,"comment_status":"closed","ping_status":"closed","template":"sidebar-page.php","meta":{"_sitemap_exclude":false,"_sitemap_priority":"","_sitemap_frequency":"","footnotes":""},"class_list":["post-950","page","type-page","status-publish","has-post-thumbnail","hentry"],"_links":{"self":[{"href":"https:\/\/vdgg.art.pl\/portal\/wp-json\/wp\/v2\/pages\/950","targetHints":{"allow":["GET"]}}],"collection":[{"href":"https:\/\/vdgg.art.pl\/portal\/wp-json\/wp\/v2\/pages"}],"about":[{"href":"https:\/\/vdgg.art.pl\/portal\/wp-json\/wp\/v2\/types\/page"}],"author":[{"embeddable":true,"href":"https:\/\/vdgg.art.pl\/portal\/wp-json\/wp\/v2\/users\/1"}],"replies":[{"embeddable":true,"href":"https:\/\/vdgg.art.pl\/portal\/wp-json\/wp\/v2\/comments?post=950"}],"version-history":[{"count":3,"href":"https:\/\/vdgg.art.pl\/portal\/wp-json\/wp\/v2\/pages\/950\/revisions"}],"predecessor-version":[{"id":1722,"href":"https:\/\/vdgg.art.pl\/portal\/wp-json\/wp\/v2\/pages\/950\/revisions\/1722"}],"up":[{"embeddable":true,"href":"https:\/\/vdgg.art.pl\/portal\/wp-json\/wp\/v2\/pages\/525"}],"wp:featuredmedia":[{"embeddable":true,"href":"https:\/\/vdgg.art.pl\/portal\/wp-json\/wp\/v2\/media\/658"}],"wp:attachment":[{"href":"https:\/\/vdgg.art.pl\/portal\/wp-json\/wp\/v2\/media?parent=950"}],"curies":[{"name":"wp","href":"https:\/\/api.w.org\/{rel}","templated":true}]}}